{"id":550,"date":"2020-12-15T11:50:25","date_gmt":"2020-12-15T10:50:25","guid":{"rendered":"http:\/\/artkom-studio.com\/bellamy\/?page_id=550"},"modified":"2020-12-15T11:50:25","modified_gmt":"2020-12-15T10:50:25","slug":"colonne-marceau-a-chartres","status":"publish","type":"page","link":"https:\/\/artkom-studio.com\/bellamy\/colonne-marceau-a-chartres\/","title":{"rendered":"Colonne Marceau \u00e0 Chartres"},"content":{"rendered":"<p>Cr\u00e9ations originales \u00e0 la demande<\/p>\n<p>[URIS id=552]<\/p>\n","protected":false},"excerpt":{"rendered":"<p>Cr\u00e9ations originales \u00e0 la demande [URIS id=552]<\/p>\n","protected":false},"author":1,"featured_media":0,"parent":0,"menu_order":0,"comment_status":"closed","ping_status":"open","template":"","meta":{"_seopress_robots_primary_cat":"","_seopress_titles_title":"","_seopress_titles_desc":"","_seopress_robots_index":"","iawp_total_views":1,"footnotes":""},"class_list":["post-550","page","type-page","status-publish","hentry"],"_links":{"self":[{"href":"https:\/\/artkom-studio.com\/bellamy\/wp-json\/wp\/v2\/pages\/550","targetHints":{"allow":["GET"]}}],"collection":[{"href":"https:\/\/artkom-studio.com\/bellamy\/wp-json\/wp\/v2\/pages"}],"about":[{"href":"https:\/\/artkom-studio.com\/bellamy\/wp-json\/wp\/v2\/types\/page"}],"author":[{"embeddable":true,"href":"https:\/\/artkom-studio.com\/bellamy\/wp-json\/wp\/v2\/users\/1"}],"replies":[{"embeddable":true,"href":"https:\/\/artkom-studio.com\/bellamy\/wp-json\/wp\/v2\/comments?post=550"}],"version-history":[{"count":2,"href":"https:\/\/artkom-studio.com\/bellamy\/wp-json\/wp\/v2\/pages\/550\/revisions"}],"predecessor-version":[{"id":561,"href":"https:\/\/artkom-studio.com\/bellamy\/wp-json\/wp\/v2\/pages\/550\/revisions\/561"}],"wp:attachment":[{"href":"https:\/\/artkom-studio.com\/bellamy\/wp-json\/wp\/v2\/media?parent=550"}],"curies":[{"name":"wp","href":"https:\/\/api.w.org\/{rel}","templated":true}]}}

Colonne Marceau à Chartres

<p>Créations originales à la demande</p>
<p>[URIS id=552]</p>

<p>Créations originales à la demande [URIS id=552]</p>
