{"id":455,"date":"2020-12-15T08:44:42","date_gmt":"2020-12-15T07:44:42","guid":{"rendered":"http:\/\/artkom-studio.com\/bellamy\/?page_id=455"},"modified":"2024-09-17T16:22:06","modified_gmt":"2024-09-17T14:22:06","slug":"mentions","status":"publish","type":"page","link":"https:\/\/artkom-studio.com\/bellamy\/mentions\/","title":{"rendered":"Mentions l\u00e9gales"},"content":{"rendered":"\r\n<h6>MENTIONS LEGALES<\/h6>\r\n<p>L\u2019ensemble de ce site rel\u00e8ve des l\u00e9gislations fran\u00e7aise et internationale sur le droit d\u2019auteur et la propri\u00e9t\u00e9 intellectuelle. Tous les droits de reproduction sont r\u00e9serv\u00e9s, y compris pour les documents iconographiques et photographiques.<\/p>\r\n<h6>DROITS D\u2019AUTEURS ET CONDITIONS D\u2019UTILISATION DES PHOTOGRAPHIES<\/h6>\r\n<p>Toutes les photos qui apparaissent dans ce site web sont la propri\u00e9t\u00e9 de leur auteur, elles sont prot\u00e9g\u00e9es par la loi sur la propri\u00e9t\u00e9 intellectuelle. Toute utilisation effectu\u00e9e sans l\u2019accord pr\u00e9alable de Jean-Daniel BELLAMY constitue une violation de la loi internationale des Droits d\u2019Auteurs. Toutes violations seront accompagn\u00e9es de poursuites en Justice. Les photos ne peuvent \u00eatre ni reproduites, ni enregistr\u00e9es, ni modifi\u00e9s sans l\u2019accord \u00e9crit de Jean-Daniel BELLAMY.<\/p>\r\n<h3 style=\"margin-bottom: 0.972222em;\">\u00a0<\/h3>\r\n<p>\u00a9 Jean-Daniel BELLAMY \u2013 2000-2020<\/p>\r\n<p>R\u00e9alisation <a href=\"http:\/\/artkom-studio.com\/\" target=\"_blank\" rel=\"noopener\">ArtKom Studio<\/a><br \/>H\u00e9bergement <a href=\"https:\/\/www.ovh.com\/fr\/\" target=\"_blank\" rel=\"noopener\">OVH<\/a><\/p>\r\n","protected":false},"excerpt":{"rendered":"<p>MENTIONS LEGALES L\u2019ensemble de ce site rel\u00e8ve des l\u00e9gislations fran\u00e7aise et internationale sur le droit d\u2019auteur et la propri\u00e9t\u00e9 intellectuelle. Tous les droits de reproduction sont r\u00e9serv\u00e9s, y compris pour les documents iconographiques et photographiques. DROITS D\u2019AUTEURS ET CONDITIONS D\u2019UTILISATION DES PHOTOGRAPHIES Toutes les photos qui apparaissent dans ce site web sont la propri\u00e9t\u00e9 de &hellip; <\/p>\n<p class=\"link-more\"><a href=\"https:\/\/artkom-studio.com\/bellamy\/mentions\/\" class=\"more-link\">Lire la suite de<span class=\"screen-reader-text\">\u00ab\u00a0Mentions l\u00e9gales\u00a0\u00bb<\/span><\/a><\/p>\n","protected":false},"author":1,"featured_media":66,"parent":0,"menu_order":0,"comment_status":"closed","ping_status":"open","template":"","meta":{"_seopress_robots_primary_cat":"","_seopress_titles_title":"","_seopress_titles_desc":"","_seopress_robots_index":"","iawp_total_views":4,"footnotes":""},"class_list":["post-455","page","type-page","status-publish","has-post-thumbnail","hentry"],"_links":{"self":[{"href":"https:\/\/artkom-studio.com\/bellamy\/wp-json\/wp\/v2\/pages\/455","targetHints":{"allow":["GET"]}}],"collection":[{"href":"https:\/\/artkom-studio.com\/bellamy\/wp-json\/wp\/v2\/pages"}],"about":[{"href":"https:\/\/artkom-studio.com\/bellamy\/wp-json\/wp\/v2\/types\/page"}],"author":[{"embeddable":true,"href":"https:\/\/artkom-studio.com\/bellamy\/wp-json\/wp\/v2\/users\/1"}],"replies":[{"embeddable":true,"href":"https:\/\/artkom-studio.com\/bellamy\/wp-json\/wp\/v2\/comments?post=455"}],"version-history":[{"count":7,"href":"https:\/\/artkom-studio.com\/bellamy\/wp-json\/wp\/v2\/pages\/455\/revisions"}],"predecessor-version":[{"id":645,"href":"https:\/\/artkom-studio.com\/bellamy\/wp-json\/wp\/v2\/pages\/455\/revisions\/645"}],"wp:featuredmedia":[{"embeddable":true,"href":"https:\/\/artkom-studio.com\/bellamy\/wp-json\/wp\/v2\/media\/66"}],"wp:attachment":[{"href":"https:\/\/artkom-studio.com\/bellamy\/wp-json\/wp\/v2\/media?parent=455"}],"curies":[{"name":"wp","href":"https:\/\/api.w.org\/{rel}","templated":true}]}}